{"id":142,"date":"2024-04-07T15:18:19","date_gmt":"2024-04-07T13:18:19","guid":{"rendered":"https:\/\/www.ferienwohnung-jurastein.de\/?page_id=142"},"modified":"2024-05-07T19:09:40","modified_gmt":"2024-05-07T17:09:40","slug":"142-2","status":"publish","type":"page","link":"https:\/\/www.ferienwohnung-jurastein.de\/index.php\/142-2\/","title":{"rendered":"Unverbindlich anfragen"},"content":{"rendered":"\n<p><\/p>\n\n\n\n<div class=\"wp-block-group alignfull\" style=\"margin-top:0px;margin-bottom:0px;padding-top:var(--wp--preset--spacing--80);padding-right:var(--wp--preset--spacing--50);padding-bottom:var(--wp--preset--spacing--80);padding-left:var(--wp--preset--spacing--50)\"><div class=\"wp-block-group__inner-container is-layout-constrained wp-container-core-group-is-layout-703ff9f8 wp-block-group-is-layout-constrained\">\n<p class=\"has-text-align-center has-text-color has-link-color wp-elements-b67ad9925b0cda04d87c785dc1a395b7\" style=\"color:#cf6f4c;font-size:30px;line-height:.9\">Jetzt unverbindlich per Mail anfragen!<\/p>\n<\/div><\/div>\n\n\n<div class=\"wp-block-image\">\n<figure class=\"aligncenter size-full is-resized\"><a href=\"mailto:fw-jurastein@gmx.de?subject=Unverbindliche%20Anfrage%20f%C3%BCr%20die%20Ferienwohnung%20Jurastein\" target=\"_blank\" rel=\"noreferrer noopener\"><img fetchpriority=\"high\" decoding=\"async\" width=\"614\" height=\"460\" src=\"https:\/\/i0.wp.com\/www.ferienwohnung-jurastein.de\/wp-content\/uploads\/2024\/04\/email-icon-614x460-1.png?resize=614%2C460&#038;ssl=1\" alt=\"\" class=\"wp-image-325\" style=\"width:382px;height:auto\" srcset=\"https:\/\/i0.wp.com\/www.ferienwohnung-jurastein.de\/wp-content\/uploads\/2024\/04\/email-icon-614x460-1.png?w=614&amp;ssl=1 614w, https:\/\/i0.wp.com\/www.ferienwohnung-jurastein.de\/wp-content\/uploads\/2024\/04\/email-icon-614x460-1.png?resize=300%2C225&amp;ssl=1 300w\" sizes=\"(max-width: 614px) 100vw, 614px\" data-recalc-dims=\"1\" \/><\/a><\/figure>\n<\/div>\n\n\n<div class=\"wp-block-group alignfull\" style=\"margin-top:0px;margin-bottom:0px;padding-top:var(--wp--preset--spacing--80);padding-right:var(--wp--preset--spacing--50);padding-bottom:var(--wp--preset--spacing--80);padding-left:var(--wp--preset--spacing--50)\"><div class=\"wp-block-group__inner-container is-layout-constrained wp-container-core-group-is-layout-703ff9f8 wp-block-group-is-layout-constrained\">\n<p class=\"has-text-align-center has-text-color has-link-color wp-elements-b62f6b33efc32e8941924e4a0f19c27c\" style=\"color:#cf6f4c;font-size:30px;line-height:.9\">Gerne k\u00f6nnen Sie uns auch telefonisch erreichen!<\/p>\n<\/div><\/div>\n\n\n\n<div class=\"wp-block-buttons is-content-justification-center is-layout-flex wp-container-core-buttons-is-layout-16018d1d wp-block-buttons-is-layout-flex\">\n<div class=\"wp-block-button\"><a class=\"wp-block-button__link has-black-color has-text-color has-background has-link-color wp-element-button\" href=\"tel:015150737929\" style=\"background-color:#cf6f4c\" target=\"_blank\" rel=\"noreferrer noopener\"> Jetzt anrufen<\/a><\/div>\n<\/div>\n\n\n\n<div style=\"height:78px\" aria-hidden=\"true\" class=\"wp-block-spacer\"><\/div>\n\n\n\n<p class=\"has-text-align-center has-text-color has-link-color has-large-font-size wp-elements-dccaa659e86e2f7a971a3400d4c79dc8\" style=\"color:#cf6f4c\">Ihre Gastgeber<\/p>\n\n\n\n<div style=\"height:36px\" aria-hidden=\"true\" class=\"wp-block-spacer\"><\/div>\n\n\n<div class=\"wp-block-image is-style-rounded\">\n<figure class=\"aligncenter size-full is-resized\"><img decoding=\"async\" width=\"685\" height=\"520\" src=\"https:\/\/i0.wp.com\/www.ferienwohnung-jurastein.de\/wp-content\/uploads\/2024\/04\/Bild-Anja-u-Gerhard.jpg?resize=685%2C520&#038;ssl=1\" alt=\"\" class=\"wp-image-221\" style=\"aspect-ratio:1.3333333333333333;object-fit:contain;width:304px;height:auto\" srcset=\"https:\/\/i0.wp.com\/www.ferienwohnung-jurastein.de\/wp-content\/uploads\/2024\/04\/Bild-Anja-u-Gerhard.jpg?w=1024&amp;ssl=1 1024w, https:\/\/i0.wp.com\/www.ferienwohnung-jurastein.de\/wp-content\/uploads\/2024\/04\/Bild-Anja-u-Gerhard.jpg?resize=300%2C228&amp;ssl=1 300w, https:\/\/i0.wp.com\/www.ferienwohnung-jurastein.de\/wp-content\/uploads\/2024\/04\/Bild-Anja-u-Gerhard.jpg?resize=768%2C584&amp;ssl=1 768w, https:\/\/i0.wp.com\/www.ferienwohnung-jurastein.de\/wp-content\/uploads\/2024\/04\/Bild-Anja-u-Gerhard.jpg?resize=685%2C520&amp;ssl=1 685w\" sizes=\"(max-width: 685px) 100vw, 685px\" data-recalc-dims=\"1\" \/><\/figure>\n<\/div>\n\n\n<p class=\"has-text-align-center has-text-color has-link-color has-large-font-size wp-elements-68b23df2da95abbe2164be5b8c85d4ca\" style=\"color:#cf6f4c\">Anja &amp; Gerhard Besenhard<\/p>\n\n\n\n<div style=\"height:47px\" aria-hidden=\"true\" class=\"wp-block-spacer\"><\/div>\n\n\n\n<p>Wir hei\u00dfen Sie herzlich willkommen und m\u00f6chten sicherstellen, dass Sie einen angenehmen und entspannten Aufenthalt haben. Wir stehen Ihnen mit Rat und Tat zur Seite, damit Sie sich schnell wie zu Hause f\u00fchlen. Es ist allzeit daf\u00fcr gesorgt, dass die Ferienwohnung gem\u00fctlich und einladend ist, um Ihnen eine behagliche Atmosph\u00e4re zu bieten. Genie\u00dfen Sie Ihre Urlaubszeit in unserer wundersch\u00f6nen Ferienwohnung und f\u00fchlen Sie sich willkommen und gut betreut.<\/p>\n\n\n\n<div class=\"wp-block-buttons is-layout-flex wp-block-buttons-is-layout-flex\"><\/div>\n","protected":false},"excerpt":{"rendered":"<p>Jetzt unverbindlich per Mail anfragen! Gerne k\u00f6nnen Sie uns auch telefonisch erreichen! Ihre Gastgeber Anja &amp; Gerhard Besenhard Wir hei\u00dfen Sie herzlich willkommen und m\u00f6chten sicherstellen, dass Sie einen angenehmen und entspannten Aufenthalt haben. Wir stehen Ihnen mit Rat und Tat zur Seite, damit Sie sich schnell wie zu Hause f\u00fchlen. Es ist allzeit daf\u00fcr &hellip; <a href=\"https:\/\/www.ferienwohnung-jurastein.de\/index.php\/142-2\/\" class=\"more-link\"><span class=\"screen-reader-text\">Unverbindlich anfragen<\/span> weiterlesen<\/a><\/p>\n","protected":false},"author":1,"featured_media":0,"parent":0,"menu_order":0,"comment_status":"closed","ping_status":"closed","template":"","meta":{"_regular_price":[],"currency_symbol":[],"footnotes":""},"class_list":["post-142","page","type-page","status-publish","hentry"],"post_slider_layout_featured_media_urls":{"thumbnail":"","post_slider_layout_landscape_large":"","post_slider_layout_portrait_large":"","post_slider_layout_square_large":"","post_slider_layout_landscape":"","post_slider_layout_portrait":"","post_slider_layout_square":"","full":""},"jetpack_sharing_enabled":true,"_links":{"self":[{"href":"https:\/\/www.ferienwohnung-jurastein.de\/index.php\/wp-json\/wp\/v2\/pages\/142","targetHints":{"allow":["GET"]}}],"collection":[{"href":"https:\/\/www.ferienwohnung-jurastein.de\/index.php\/wp-json\/wp\/v2\/pages"}],"about":[{"href":"https:\/\/www.ferienwohnung-jurastein.de\/index.php\/wp-json\/wp\/v2\/types\/page"}],"author":[{"embeddable":true,"href":"https:\/\/www.ferienwohnung-jurastein.de\/index.php\/wp-json\/wp\/v2\/users\/1"}],"replies":[{"embeddable":true,"href":"https:\/\/www.ferienwohnung-jurastein.de\/index.php\/wp-json\/wp\/v2\/comments?post=142"}],"version-history":[{"count":30,"href":"https:\/\/www.ferienwohnung-jurastein.de\/index.php\/wp-json\/wp\/v2\/pages\/142\/revisions"}],"predecessor-version":[{"id":417,"href":"https:\/\/www.ferienwohnung-jurastein.de\/index.php\/wp-json\/wp\/v2\/pages\/142\/revisions\/417"}],"wp:attachment":[{"href":"https:\/\/www.ferienwohnung-jurastein.de\/index.php\/wp-json\/wp\/v2\/media?parent=142"}],"curies":[{"name":"wp","href":"https:\/\/api.w.org\/{rel}","templated":true}]}}

<p></p>



<div class="wp-block-group alignfull" style="margin-top:0px;margin-bottom:0px;padding-top:var(--wp--preset--spacing--80);padding-right:var(--wp--preset--spacing--50);padding-bottom:var(--wp--preset--spacing--80);padding-left:var(--wp--preset--spacing--50)"><div class="wp-block-group__inner-container is-layout-constrained wp-container-core-group-is-layout-703ff9f8 wp-block-group-is-layout-constrained">
<p class="has-text-align-center has-text-color has-link-color wp-elements-b67ad9925b0cda04d87c785dc1a395b7" style="color:#cf6f4c;font-size:30px;line-height:.9">Jetzt unverbindlich per Mail anfragen!</p>
</div></div>


<div class="wp-block-image">
<figure class="aligncenter size-full is-resized"><a href="mailto:fw-jurastein@gmx.de?subject=Unverbindliche%20Anfrage%20f%C3%BCr%20die%20Ferienwohnung%20Jurastein" target="_blank" rel="noreferrer noopener"><img fetchpriority="high" decoding="async" width="614" height="460" src="https://i0.wp.com/www.ferienwohnung-jurastein.de/wp-content/uploads/2024/04/email-icon-614x460-1.png?resize=614%2C460&#038;ssl=1" alt="" class="wp-image-325" style="width:382px;height:auto" srcset="https://i0.wp.com/www.ferienwohnung-jurastein.de/wp-content/uploads/2024/04/email-icon-614x460-1.png?w=614&amp;ssl=1 614w, https://i0.wp.com/www.ferienwohnung-jurastein.de/wp-content/uploads/2024/04/email-icon-614x460-1.png?resize=300%2C225&amp;ssl=1 300w" sizes="(max-width: 614px) 100vw, 614px" data-recalc-dims="1" /></a></figure>
</div>


<div class="wp-block-group alignfull" style="margin-top:0px;margin-bottom:0px;padding-top:var(--wp--preset--spacing--80);padding-right:var(--wp--preset--spacing--50);padding-bottom:var(--wp--preset--spacing--80);padding-left:var(--wp--preset--spacing--50)"><div class="wp-block-group__inner-container is-layout-constrained wp-container-core-group-is-layout-703ff9f8 wp-block-group-is-layout-constrained">
<p class="has-text-align-center has-text-color has-link-color wp-elements-b62f6b33efc32e8941924e4a0f19c27c" style="color:#cf6f4c;font-size:30px;line-height:.9">Gerne können Sie uns auch telefonisch erreichen!</p>
</div></div>



<div class="wp-block-buttons is-content-justification-center is-layout-flex wp-container-core-buttons-is-layout-16018d1d wp-block-buttons-is-layout-flex">
<div class="wp-block-button"><a class="wp-block-button__link has-black-color has-text-color has-background has-link-color wp-element-button" href="tel:015150737929" style="background-color:#cf6f4c" target="_blank" rel="noreferrer noopener"> Jetzt anrufen</a></div>
</div>



<div style="height:78px" aria-hidden="true" class="wp-block-spacer"></div>



<p class="has-text-align-center has-text-color has-link-color has-large-font-size wp-elements-dccaa659e86e2f7a971a3400d4c79dc8" style="color:#cf6f4c">Ihre Gastgeber</p>



<div style="height:36px" aria-hidden="true" class="wp-block-spacer"></div>


<div class="wp-block-image is-style-rounded">
<figure class="aligncenter size-full is-resized"><img decoding="async" width="685" height="520" src="https://i0.wp.com/www.ferienwohnung-jurastein.de/wp-content/uploads/2024/04/Bild-Anja-u-Gerhard.jpg?resize=685%2C520&#038;ssl=1" alt="" class="wp-image-221" style="aspect-ratio:1.3333333333333333;object-fit:contain;width:304px;height:auto" srcset="https://i0.wp.com/www.ferienwohnung-jurastein.de/wp-content/uploads/2024/04/Bild-Anja-u-Gerhard.jpg?w=1024&amp;ssl=1 1024w, https://i0.wp.com/www.ferienwohnung-jurastein.de/wp-content/uploads/2024/04/Bild-Anja-u-Gerhard.jpg?resize=300%2C228&amp;ssl=1 300w, https://i0.wp.com/www.ferienwohnung-jurastein.de/wp-content/uploads/2024/04/Bild-Anja-u-Gerhard.jpg?resize=768%2C584&amp;ssl=1 768w, https://i0.wp.com/www.ferienwohnung-jurastein.de/wp-content/uploads/2024/04/Bild-Anja-u-Gerhard.jpg?resize=685%2C520&amp;ssl=1 685w" sizes="(max-width: 685px) 100vw, 685px" data-recalc-dims="1" /></figure>
</div>


<p class="has-text-align-center has-text-color has-link-color has-large-font-size wp-elements-68b23df2da95abbe2164be5b8c85d4ca" style="color:#cf6f4c">Anja &amp; Gerhard Besenhard</p>



<div style="height:47px" aria-hidden="true" class="wp-block-spacer"></div>



<p>Wir heißen Sie herzlich willkommen und möchten sicherstellen, dass Sie einen angenehmen und entspannten Aufenthalt haben. Wir stehen Ihnen mit Rat und Tat zur Seite, damit Sie sich schnell wie zu Hause fühlen. Es ist allzeit dafür gesorgt, dass die Ferienwohnung gemütlich und einladend ist, um Ihnen eine behagliche Atmosphäre zu bieten. Genießen Sie Ihre Urlaubszeit in unserer wunderschönen Ferienwohnung und fühlen Sie sich willkommen und gut betreut.</p>



<div class="wp-block-buttons is-layout-flex wp-block-buttons-is-layout-flex"></div>

<p>Jetzt unverbindlich per Mail anfragen! Gerne können Sie uns auch telefonisch erreichen! Ihre Gastgeber Anja &amp; Gerhard Besenhard Wir heißen Sie herzlich willkommen und möchten sicherstellen, dass Sie einen angenehmen und entspannten Aufenthalt haben. Wir stehen Ihnen mit Rat und Tat zur Seite, damit Sie sich schnell wie zu Hause fühlen. Es ist allzeit dafür &hellip; <a href="https://www.ferienwohnung-jurastein.de/index.php/142-2/" class="more-link"><span class="screen-reader-text">Unverbindlich anfragen</span> weiterlesen</a></p>
